e units digit of f(-6)?
7
Let q(x) = x**3 - 2*x**2 - 4*x + 5. Let w be q(4). What is the hundreds digit of (-5*7)/((-7)/w) + 2?
1
Suppose 0 = i + 5*q - 2549 - 237, -4*i + 11052 = -3*q. What is the hundreds digit of i?
7
Suppose -4*o + 2508 = 4*q, q + q = 4*o - 2538. Suppose 0 = -2*u - 0*l - 2*l + o, 0 = 5*u - l - 1580. What is the tens digit of u?
1
Suppose 0 = 32*w - 29*w. Let h(x) = -10*x + x - 8 + w*x - 5*x. What is the units digit of h(-5)?
2
Let t(f) = 10*f + 10. Let q be t(5). Suppose q = -5*i - 0*i. What is the units digit of (-8)/(-3)*(-99)/i?
2
Let z(o) = -22*o + 338. What is the hundreds digit of z(6)?
2
Suppose 1047 = -3*m + n + 4188, -m + 4*n + 1036 = 0. What is the hundreds digit of m?
0
Let h be 10/4*(-54)/15. What is the tens digit of 0/12 + h*(2 + -6)?
3
Let g(w) = -5*w - 1. Let h be g(-1). Suppose 3*y - h*y - 22 = 0. Let i = -13 - y. What is the units digit of i?
9
Suppose 10*z - 5*z + h + 4 = 0, 4*z = 4*h + 16. What is the units digit of 247 + (z + 1)/((-1)/4)?
3
Let f = -13 - -8. Let p = -125 + 85. Let b = f - p. What is the units digit of b?
5
Let v be -1 + (-808)/(-4) + 3. Let j(n) = -6*n - 13. Let c be j(-3). Suppose 2*q - 57 = -s, -s + c*q + v = 2*s. What is the tens digit of s?
6
Let t(f) = -f**3 - 6*f**2 - f - 5. Let l be t(-6). Let i be 1/(1/(-3)*l). What is the units digit of (-77)/(i/(5 + -2))?
7
What is the tens digit of (-300)/1000 + (-16393)/(-10)?
3
Suppose 0 = -305*y + 302*y, 4*r - 5*y = 5692. What is the units digit of r?
3
Let z = -114 - -143. Suppose -699 = -32*o + z*o. What is the units digit of o?
3
Let a(b) = b - 1 - 9 + 17. Let k be a(-3). Suppose k*d - 148 = u, -3*u - u - 74 = -2*d. What is the units digit of d?
7
Let j be 5 - (-2 - -2 - -2). What is the tens digit of 187/j + 2/3?
6
Suppose 1059 = 2*b - i - 523, -5*i - 3164 = -4*b. What is the tens digit of b?
9
Let u(b) = 34*b**2 - 7*b - 134. What is the thousands digit of u(-10)?
3
Let x = -13 + 15. Let a = x - 7. What is the units digit of 7 + (3 + a - -2)?
7
Let i(k) = 3*k + 1. Suppose 0 = 2*d + 2*d. Let o be i(d). Let t = o - -33. What is the tens digit of t?
3
Suppose 12*s + 639 = 3*s. Let g = 88 + s. What is the units digit of g?
7
Let n(x) = 4*x - 7. Let i be n(9). Suppose 0 = -f + 1 + i. What is the units digit of f?
0
Suppose -8 = 4*x, -3*m - x - x = -647. What is the units digit of m?
7
Let l be ((-4)/5)/((-2)/15). Let y = l + -10. What is the units digit of 5*(-17 - -1)/y?
0
Suppose 24 = -4*m - 72. Let o = 66 + m. What is the tens digit of o?
4
Suppose 2*f - 1940 + 116 = 0. What is the tens digit of f?
1
Suppose 2*y = o - 2 - 1, -15 = -5*y - 5*o. Suppose y = -a - 2*a + i + 395, 516 = 4*a + 4*i. What is the tens digit of a?
3
What is the units digit of (4744/12)/(17/153)?
8
Let n = -1227 - -4481. What is the units digit of n?
4
Let t be (1 - -5)*(-6)/(-9). Suppose 5*m + t*m = 171. What is the units digit of m?
9
Let a = 51 + 1095. What is the tens digit of a?
4
Let d(z) = -10*z**3 - 2*z**2 + 3*z - 1. Suppose -m + 14 = 4*g, 0 = -0*g + 4*g - 16. What is the units digit of d(m)?
5
Let o(t) = -18*t - 17. Let a be o(5). Let z = -71 - a. What is the tens digit of z?
3
Let o = -17 - -36. Let r be (o/(-4))/(6/(-24)). Let a = r - -29. What is the units digit of a?
8
Suppose 21*d = 26*d - 440. What is the tens digit of d?
8
Let q(v) = 24*v**3 - 3*v**2 - 2*v + 27. What is the tens digit of q(4)?
0
Suppose -14020 = -40*q + 35*q. What is the thousands digit of q?
2
Let s(d) = d**2 - 17*d - 16. Let v be s(18). Suppose 3*z + v*z - 435 = -2*k, -4*k = -3*z + 287. What is the units digit of z?
9
Let k(l) = 2*l**2 + 5*l + 5. Let d be k(-2). Let p(h) = 2*h**2 - 6*h - 2. Let a be p(d). What is the tens digit of (-1)/a*4 - -38?
4
Let h be ((-5)/((-10)/54))/((-3)/2). Let r be 1 - (-14)/(2/1). What is the units digit of (-2 - r/(-6))*h?
2
Suppose 6*i - 60 + 570 = 0. What is the hundreds digit of i/(-2)*14/5?
1
Suppose 2*a - 1398 - 2141 = -5*g, 2*a = 3*g + 3579. What is the thousands digit of a?
1
Let i(p) = -4*p - 28. Let b be i(-10). What is the tens digit of ((-224)/48)/((-2)/b)?
2
Suppose 5472 = 8*x - 1848. What is the units digit of x?
5
Let l(b) = b**3 - 2*b**2 + 3*b + 4. Suppose -3*i = -45 - 51. Suppose -3*g - i = -5*n, 4*g + 1 - 5 = -5*n. What is the tens digit of l(n)?
4
Let j(o) = o**2 + 5*o + 2. Let y be j(-6). Suppose -12*b + y*b + 20 = 0. What is the units digit of b?
5
Suppose 3*v - 10 = 5. Let m(j) = -v*j**2 - j**3 - 3*j**2 + 3*j**2 + j - 2 - 6*j. What is the units digit of m(-4)?
2
Let k = -625 - -864. What is the tens digit of k?
3
Let b = -11 - -3. Let g be 17/(-4) + (-2)/b. What is the units digit of (16 - 22)/(g/6)?
9
Let k(r) = -22*r**2 + 2. Let t be k(-1). What is the tens digit of (-683)/(-5) + t/(-50)?
3
Let d(r) = 40*r**2 - 16*r - 34. What is the hundreds digit of d(7)?
8
Let k = 14 - 8. Let s = k + 2. What is the tens digit of (-40)/15*(-66)/s?
2
Let o = 400 - -2844. What is the tens digit of o?
4
Let b(o) = 5*o + 8*o**3 + 0*o - 3*o. Let h be b(2). Suppose 4*i = -0*i + h. What is the units digit of i?
7
Let q(n) = -3*n**2 - 7*n - 1. Let u(y) = -4*y**2 - 10*y - 2. Let a(s) = -7*q(s) + 5*u(s). Let b be a(-8). Suppose -99 = -4*h + b. What is the units digit of h?
2
Let w = 2913 + 1138. What is the units digit of w?
1
Let m = 12 + -8. Suppose -16*p = -13*p. Let j = p + m. What is the units digit of j?
4
Let b be (22 + -19)*(-4)/(-3). Suppose b*t - 2*t - 120 = 0. What is the units digit of t?
0
Suppose -59 = 4*l + 3*g, 2*l - l = -5*g - 19. Let c = 10 + l. Let b = 51 - c. What is the tens digit of b?
5
Suppose -5*b + 2*b + 15 = 0. Suppose 0 = b*c + 4*m - 183, -5*c + 2*m + 76 = -95. What is the tens digit of c?
3
Suppose 3*q - 5*b = -220, -q - 4*b = -3*q - 144. Let a be 3/((-36)/q)*6. Suppose -3*l - 322 = -4*y, 2*y + 3*l - 192 + a = 0. What is the units digit of y?
9
Let k be 15/(-6) + 2/4. Let i be (k/(-4))/(1/80). Let c = i + 1. What is the units digit of c?
1
Suppose 0 = j + 3*j + 4*a - 8, 0 = j - 4*a - 12. What is the units digit of 1 - -2 - (-3 - -2)*j?
7
Suppose -2394 = 13*w - 4*w. Let y = -186 - w. What is the units digit of y?
0
Let b = 21 + -3. What is the units digit of (-14)/(-4)*(b - 16)?
7
Suppose 5*x + 5*s - 2582 = 423, -5*x - 2*s + 2993 = 0. What is the hundreds digit of x?
5
Suppose -2*f - m = -3681, f - 2*f + 1845 = 5*m. What is the thousands digit of f?
1
Let s be (-1)/(1 + 2 + -2). What is the tens digit of (1 + -26)*s - 0?
2
Suppose 3*h - 9*a = -12*a + 492, 0 = 4*h - 2*a - 680. What is the tens digit of h?
6
Let p = 89 - 2. What is the units digit of p?
7
Suppose 1277 = 30*z - 14893. What is the units digit of z?
9
Let g be 16/12*(-9)/(-6). Suppose 0*j = -2*j + g. Let w(i) = 26*i**3 - i**2 - i + 2. What is the units digit of w(j)?
6
Let r(a) = 3*a. Let z be r(-3). Let g(d) = -2*d**2 + d + 14. Let p(c) = -3*c**2 + 15. Let b(h) = 4*g(h) - 3*p(h). What is the units digit of b(z)?
6
Let i(d) be the third derivative of -d**6/120 - d**5/15 + d**4/2 + 5*d**3/6 - 12*d**2. What is the units digit of i(-6)?
5
Let p be (-416)/(-40) - 4/10. What is the units digit of ((-195)/p)/(6/(-16))?
2
Let r = 10 + 4. Let b(k) = 54 - r - 24 - k. What is the units digit of b(-7)?
3
Let v = -180 + 220. What is the tens digit of v?
4
Suppose 4*i = 19 + 1. Suppose 2*o + i*v = -15, -3*o - 4*v = -0*v + 5. Suppose -o*r + 166 = a + 3*a, a - 5*r = 29. What is the tens digit of a?
3
What is the hundreds digit of 12*(-12)/48*87/(-1)?
2
Let s = -32 - -34. Suppose 3*f - 170 = 4*r, s*r = -2 + 4. What is the tens digit of f?
5
Let u(p) = -p + 4 + 5*p - 2. What is the units digit of u(16)?
6
Suppose -5*j - 6 - 24 = 0. What is the units digit of (-164)/(-10) - j/(-15)?
6
Let c = 11 + -21. What is the tens digit of (96/(-20))/(4/c)?
1
Suppose s + 11 = 4*o, -4*s + 5*o + 21 = 2*o. Let h = 0 + s. Let i = h + 18. What is the tens digit of i?
2
Suppose -p - 4*p = -20. Let h(o) = 2*o - 10. Let k be h(p). Let s(v) = -17*v + 5. What is the units digit of s(k)?
9
Let r = -52 - -52. Suppose 0 = 5*q - 5*l - 210, r*l = -3*q - 4*l + 161. What is the units digit of q?
7
Let i(o) = 2*o**2 + 10*o - 12. Let c be i(4). Suppose -c*j + 56*j + 244 = 0. What is the units digit of j?
1
Suppose 11*c - 426 = 630. Suppose h + 2*h - c = 3*j, -2*j + 181 = 5*h. What is the units digit of h?
5
